 prime factors of ((-203)/35 - -6) + 149/5?
2, 3, 5
Suppose -5*c + 109 = 39. List the prime factors of c.
2, 7
Suppose -z = -2*h - 40 + 9, -4*h - 4*z = 44. Let q be (-33)/7 + 4/h. List the prime factors of 160/25 - (-2)/q.
2, 3
Let y = -10 + 43. List the prime factors of y.
3, 11
Suppose 8*p - 4 = 20. What are the prime factors of p?
3
List the prime factors of 10/(-75) - (-664)/30.
2, 11
Let h be (-2)/(-1 - 1/1). Suppose -h = 2*w + 3. What are the prime factors of 2 - 6/w - 1?
2
What are the prime factors of 128*(-2 + 4)/4?
2
Let v(x) = -x**2 + 5*x + 1. Let d be v(5). Let b = -6 + d. What are the prime factors of (2/(-5))/(b/250)?
2, 5
Suppose -f + 136 = 3*f. Suppose f = 5*q - 76. What are the prime factors of q?
2, 11
Let n = 21 + -13. Let m = n + -6. Suppose m*r + 3*s - 3 = -0*s, 0 = -4*r + 5*s + 61. What are the prime factors of r?
3
Let n = 2 + 0. Let z(m) = 2*m**2 + m - 1. What are the prime factors of z(n)?
3
Let k(y) = 3*y - 9. Let i(t) = 2*t - 5. Let o(l) = 7*i(l) - 4*k(l). Suppose 8 - 20 = -2*q. What are the prime factors of o(q)?
13
Let o = 324 + -188. What are the prime factors of o?
2, 17
Suppose -6*z + 260 = -652. List the prime factors of z.
2, 19
Let o = 678 + -421. List the prime factors of o.
257
Let v(u) = u**3 - u**2 + 1. Let m be v(0). Let x = 5 + m. List the prime factors of x.
2, 3
Let s be (-2)/5 + 34/10. Let t(w) = 2*w - 4. Let y be t(s). List the prime factors of y/8 + (-129)/(-12).
11
What are the prime factors of (-2310)/28*8/(-10)?
2, 3, 11
What are the prime factors of (-1 + 3)/(4/56)?
2, 7
Let g(z) = 3*z - 4. Suppose -3 = -2*p + 3. Suppose -p*n - 1 = -10. What are the prime factors of g(n)?
5
Suppose -5*i = 2*y - 16, -2*i - 1 = -i - y. List the prime factors of 3 + -2*(i - 3).
5
Suppose q - 2 - 2 = 0, 3*q = -3*x + 387. What are the prime factors of x?
5
Let y = -1 + 5. Let w = y - 5. What are the prime factors of w + 7 + (-4 - -1)?
3
Let b = 62 - 64. Let x(f) be the second derivative of -f**3 - f. What are the prime factors of x(b)?
2, 3
Let j = 2 - 2. Suppose j*l - 3 = l, -4*u - 5*l - 3 = 0. Suppose -2*n = -y + 8, -2*y = -u*y - n + 11. List the prime factors of y.
2, 5
Let b(v) = 10*v + 9. List the prime factors of b(3).
3, 13
Let l be 46 + 0/(-2) + -2. Let x = -13 + l. Suppose x + 1 = 2*b. List the prime factors of b.
2
Suppose -5*f + 83 = -107. Suppose -2*u = -4*u - 4, u = -5*i + f. Suppose 35 = -3*t + i*t. What are the prime factors of t?
7
Suppose -9 = -5*c + 6. Let m(o) be the third derivative of o**5/60 + o**3/6 - 7*o**2. What are the prime factors of m(c)?
2, 5
Let a(i) = -i + 13. What are the prime factors of a(11)?
2
Suppose c = -5*m + 302, 2*m + 4*c - 110 = -0*m. List the prime factors of m.
61
What are the prime factors of (-16*(-1)/(-5))/(10/(-1050))?
2, 3, 7
Let v(c) be the third derivative of c**4/12 + c**3/3 + c**2. Suppose -1 = -d + 1. What are the prime factors of v(d)?
2, 3
Suppose 5*t + 12 = 47. Let n(q) = -q**3 + 7*q**2 + q. Let i be n(t). Let w = i + 1. List the prime factors of w.
2
Let n = -16 - -30. List the prime factors of n.
2, 7
Let b be 2 - (0 + (-3 - -2)). Suppose 0*w + w + 64 = 3*f, 0 = -4*f - b*w + 107. What are the prime factors of f?
23
Let k(q) = 30*q**2 - 10*q + 8. Let x(v) = -15*v**2 + 5*v - 4. Let b(s) = 3*k(s) + 5*x(s). List the prime factors of b(2).
2, 3
Let d(c) = -2*c - 6. Let r be d(-5). Suppose v - 4 = r. List the prime factors of v.
2
List the prime factors of (4/(10/5) + -45)*-5.
5, 43
Let g(q) = q**2 + 5. Let z be g(0). Let p be 9/15*z/1. What are the prime factors of (3/6)/(p/78)?
13
Suppose 1 + 4 = 5*n. Suppose -2*s = -s - 5*u, -s + n = -4*u. What are the prime factors of s?
5
Suppose -2*s = -2*c + 212, -4*c + s = 6*s - 451. What are the prime factors of c?
109
List the prime factors of 4/(16/12)*18.
2, 3
Let d(l) be the third derivative of 19*l**4/24 - l**3 + 6*l**2. List the prime factors of d(3).
3, 17
Let k(d) = -6*d**3 + 2*d**2 - 12*d + 14. Let a(f) = f**3 + f**2 + f - 1. Let j(u) = 5*a(u) + k(u). List the prime factors of j(6).
3
Suppose f + 4 = -2*x - 0*x, f = 5*x - 4. Suppose x*q + 6 = q. What are the prime factors of q?
2, 3
Let t be (-4)/(3/((-9)/6)). Let y = 0 + t. List the prime factors of y.
2
What are the prime factors of (5/(-3) - -2)/((-20)/(-5340))?
89
Suppose 4*b + 3 = 15. Suppose -22 + 121 = b*p + 4*l, -4*p + 119 = l. List the prime factors of p.
29
Let t(p) = 9*p**2 - 2*p - 42. List the prime factors of t(-6).
2, 3, 7
Suppose 0 = -4*b - 4*g + 76, -3*b + 2*g + 48 = 11. What are the prime factors of b?
3, 5
Let x = -8 + 58. What are the prime factors of x?
2, 5
Suppose -2*p - 3*n + 37 = 11, n - 53 = -3*p. What are the prime factors of p?
19
Let a = -1 + 4. Suppose 2*x - 6 = -2*i, 16 = 5*i + x + a*x. What are the prime factors of i?
2
Suppose 0 = 4*f - 26 - 10. Suppose j - 2*g - f = 0, -5*j + 8*g = 3*g - 35. Let b(c) = -c**2 + 5*c + 6. List the prime factors of b(j).
2, 3
Let l(h) = h**2 + 11*h + 12. Suppose j - s = -10, 2*s = 8*j - 3*j + 56. List the prime factors of l(j).
2, 3
Suppose 7*n - 156 = 5. What are the prime factors of n?
23
Suppose 4*n - 56 = 2*h, -n - h + 2*h + 12 = 0. Suppose 0 = 2*i + 13 - 57. Let v = i - n. List the prime factors of v.
2, 3
Let n = -80 + 132. Suppose 0 = 3*v - n + 7. List the prime factors of v.
3, 5
Let f = 9 - 17. What are the prime factors of ((-25)/(-20))/((-2)/f)?
5
Let m = 170 - 114. List the prime factors of m.
2, 7
List the prime factors of (-603)/(-9)*(-1 + 2).
67
Suppose 4*j - 68 = 12. List the prime factors of (12/j)/((-2)/(-60)).
2, 3
Suppose -4 = -3*o - 2*b + 86, 4*o - 5*b - 97 = 0. List the prime factors of o.
2, 7
Suppose -5*n + 10 = -3*x, -n = 5*x - 5 + 3. Suppose -3*j = -2*m - 60, 2*j + x*m + 4*m = 24. List the prime factors of j.
2, 3
Suppose -2*d + 447 = d + 4*t, 3*t - 734 = -5*d. What are the prime factors of d?
5, 29
Suppose -4*b - 4*y = -20, 0*b + b + 4*y = 14. Suppose -2*d + 8 = -b*f - 7*d, 0 = 3*f + d - 14. Let t = 8 - f. What are the prime factors of t?
2
Suppose -t + f = -5*t - 140, 4*f - 16 = 0. What are the prime factors of 1*t/15*-5?
2, 3
Suppose -2*f = 5*v + 2*f - 604, 3*f - 112 = -v. List the prime factors of v.
2, 31
Let d(a) = -a**3 + 3. Let z be d(0). What are the prime factors of 5 + 0/(2 - z)?
5
Suppose 0 = -4*u + 4, -z - 2*u = -6*u + 1. Let o = z - 1. Let f = o - -6. What are the prime factors of f?
2
Suppose 5*r + 299 = -4*c, 13 + 12 = 5*r. Let p = c - 27. What are the prime factors of (-2)/(-10) - p/10?
11
Suppose -4*f - 33 = -5*r - 3, -2*f = 4*r - 24. List the prime factors of r.
2, 3
Suppose 3*l + 3*z - 6 = 0, -5*z - 35 = -l - 3*l. What are the prime factors of l?
5
Let b be (15/(3/(-3)))/(-1). Suppose 4*m - 2*m - 2*n - 18 = 0, b = 3*m + n. What are the prime factors of m?
2, 3
Suppose -5*x - 2*p - 28 = -73, -2*x - 2*p = -18. Let l(d) = x*d**2 - d - 8 + 3*d - 3*d**2 - d**3. List the prime factors of l(6).
2
Suppose -25 = 5*v - 2*v + 5*r, v = 2*r + 10. What are the prime factors of 21 + (0 - v) + -3?
2, 3
Suppose 2*y = -2*j + 100, 5*y - 108 = -2*j + 127. List the prime factors of y.
3, 5
Suppose -2*j + 14 = 86. Let b = 60 + j. What are the prime factors of b?
2, 3
Suppose s - 2*s + 5*l = -14, -4*l - 20 = -3*s. Suppose h + h - s = 0. What are the prime factors of h?
2
Let a(t) = 23*t - 16. List the prime factors of a(10).
2, 107
Suppose -d = -4*k + d + 648, 2*d = -3*k + 500. What are the prime factors of k?
2, 41
Let g(s) = 3*s + 1 + 3 - s. What are the prime factors of g(5)?
2, 7
Let r = -22 - -52. List the prime factors of r.
2, 3, 5
Let x = 10 + -5. Let q be (3 - (4 + -2))*x. Suppose q*w - 30 = -4*y, -3*y - 2*w + 12 = -7. What are the prime factors of y?
5
Let d(j) = j**2 - 2*j + 77. What are the prime factors of d(0)?
7, 11
Let s = -4 + 4. Suppose s*o = 4*o - 20. Let g = 8 - o. List the prime factors of g.
3
Let c = 26 - 13. What are the prime factors of c?
13
Suppose p + 2*p - 96 = 0. List the prime factors of p.
2
Let w(g) = -6*g - 9. List the prime factors of w(-7).
3, 11
Suppose -3*v + 18 = -57. Let u = -11 + 11. Suppose 2*p + 5*i = 24, -3*p + u*p - 2*i = -v. What are the prime factors of p?
7
Let d = -31 + 76. List the prime factors of d.
3, 5
Let c = 199 + -142. List the prime factors of c.
3, 19
Suppose 0 = 3*i - 9, 2*h - 3*i + 0*i = 119. Suppose -13*m + 9*m 